What is o(-6)?
3
Let l(q) = -2*q**3 + q**2 - 3*q - 3. Calculate l(-2).
23
Let g(f) = -8*f**2 - 24*f + 1. Determine g(-5).
-79
Let k(h) = -h**3 - 3*h**2. Give k(-3).
0
Let g(s) = -12*s - 87. Give g(-8).
9
Let j(v) = -2*v**2 - 6*v - 6. Calculate j(-4).
-14
Let p(d) = 8*d**2 - 6*d + 5. Give p(2).
25
Let a(y) = y**2 + 67*y + 193. What is a(-3)?
1
Let b(f) = f**2 + 10*f + 3. Determine b(-9).
-6
Let x(k) = -2*k**3 - 24*k**2 + 65*k + 124. Calculate x(-14).
-2
Let p(t) = 3*t**2 + 41*t + 29. Calculate p(-12).
-31
Let j(f) = 45*f**2 - 2*f - 1. Determine j(-1).
46
Let t(p) = -p - 3. Calculate t(9).
-12
Let f(l) = l**3 + 21*l**2 - 21*l + 9. Calculate f(-22).
-13
Let t(y) = -y**2 + 14*y + 6. What is t(4)?
46
Let t(b) = 7*b + 17. Give t(-3).
-4
Let h(f) = 5*f + 10. Determine h(-2).
0
Let r(v) = -v - 8. What is r(-7)?
-1
Let x(m) = 2*m + 3. Give x(-7).
-11
Let k(j) = j. What is k(1)?
1
Let r(n) = -58*n. Determine r(1).
-58
Let p(u) = 4*u + 36. What is p(-17)?
-32
Let x(y) = 2*y**2 + 4*y - 4. Give x(-3).
2
Let n(d) = d**3 - 8*d**2 + 6*d + 17. Determine n(7).
10
Let x(g) = -g**3 - 4*g**2 - 3*g - 3. Give x(-4).
9
Let z(a) = -3*a**3 + a**2 - a - 3. What is z(0)?
-3
Let i(m) = m**2 + m + 7. Give i(-3).
13
Let j(c) = c**3 - 20*c**2 + 17*c - 9. Calculate j(19).
-47
Let y(d) = -50*d - 508. Calculate y(-10).
-8
Let h(p) = 2*p**2 + 9*p + 5. Calculate h(-7).
40
Let n(s) = s**3 + 15*s**2 + 13*s - 34. Determine n(-14).
-20
Let b(v) = -v**3 + 9*v**2 + 9*v. Determine b(10).
-10
Let j(n) = -3*n**3 - 19*n**2 - 3*n + 1. Give j(-6).
-17
Let c(n) = n**2 + 21*n + 68. Give c(-20).
48
Let f(n) = -15*n**2 + 106*n + 2. Calculate f(7).
9
Let p(z) = z**3 + 10*z**2 + 11*z - 3. What is p(-9)?
-21
Let f(m) = -m**3 + 19*m**2 + 34*m + 152. What is f(21)?
-16
Let w(a) = 6*a + 2. Determine w(-7).
-40
Let p(m) = 5*m - 3. What is p(10)?
47
Let w(c) = -c**3 - 4*c**2 + 3*c + 11. Determine w(-4).
-1
Let i(c) = 9*c - 291. Determine i(32).
-3
Let a(r) = -8*r + 45. Calculate a(3).
21
Let l(q) = -q**3 - 38*q**2 + 36*q - 110. Determine l(-39).
7
Let w(g) = -4*g - 38. Give w(-9).
-2
Let k(l) = -4*l - 44. What is k(-10)?
-4
Let y(h) = -h**2 + 7*h + 1. Determine y(6).
7
Let x(q) = 19*q - 194. What is x(10)?
-4
Let m(r) = -r**2 - 6*r + 3. What is m(-7)?
-4
Let g(l) = l**2 + 24*l - 94. Calculate g(-27).
-13
Let u(w) = -22*w**2 + w + 1. Give u(1).
-20
Let w(u) = -29*u - 138. Determine w(-5).
7
Let c(s) = s**2 - 15*s + 51. Calculate c(6).
-3
Let k(w) = -26*w + 1632. Calculate k(63).
-6
Let z(w) = w**3 - 3*w**2 - 2*w - 5. Determine z(4).
3
Let k(w) = -13*w - 96. Calculate k(-7).
-5
Let h(w) = w**2 - 27. What is h(-8)?
37
Let p(n) = n**3 - 19*n**2 - 30*n + 199. What is p(20)?
-1
Let n(h) = 2*h**2 + 6*h - 2. Give n(-3).
-2
Let f(z) = -z**3 + 2*z**2 + z + 23. Calculate f(0).
23
Let s(u) = -4*u**2 - 6*u + 8. What is s(1)?
-2
Let f(n) = -n**2 + 9*n - 20. Calculate f(10).
-30
Let x(c) = -c**3 - 2*c**2 + c - 2. Give x(-3).
4
Let a(x) = -x**2 - 24*x + 38. Give a(-23).
61
Let l(j) = -25*j**2 - 7*j - 1. Determine l(-2).
-87
Let k(a) = -a**2 - 3*a - 1. Give k(0).
-1
Let t(s) = -s**2 - 31*s - 125. Give t(-26).
5
Let b(l) = -l**2 - 20*l + 58. Give b(-21).
37
Let k(r) = 5*r - 35. What is k(10)?
15
Let f(w) = w**2 + 16*w - 4. What is f(-12)?
-52
Let f(y) = -y**3 + 13*y**2 + 12*y + 7. Calculate f(14).
-21
Let m(d) = -d - 4. Give m(-8).
4
Let y(c) = -c**3 - 7*c**2 - 8*c - 11. Calculate y(-5).
-21
Let j(d) = d**2 + 7*d - 2. Determine j(-6).
-8
Let d(w) = 49*w + 2. What is d(-1)?
-47
Let p(i) = 2*i + 13. Calculate p(-6).
1
Let d(t) = t**3 - 17*t**2 + 15*t + 20. Determine d(16).
4
Let r(b) = -8*b**2 + b + 5. Calculate r(-2).
-29
Let b(i) = -i**2 + 15. Calculate b(-11).
-106
Let i(r) = -5*r - 67. What is i(-16)?
13
Let c(b) = -b**3 - b**2 - b. Determine c(0).
0
Let n(t) = 8*t**2 + 6*t + 5. Give n(-1).
7
Let h(c) = -3*c**2 - 32*c - 27. Calculate h(-9).
18
Let l(x) = -x**2 - 6*x. What is l(-5)?
5
Let b(j) = j**3 + 5*j**2 - 16*j - 3. Determine b(-7).
11
Let s(p) = -8*p + 8. Give s(2).
-8
Let m(f) = f**3 + 7*f**2 - 3*f + 17. Determine m(-8).
-23
Let i(h) = h**3 - 3*h**2 - 11*h + 26. Calculate i(5).
21
Let z(i) = i**3 + 11*i**2 - 7*i + 22. What is z(-10)?
192
Let d(x) = -x**2 - 2. Give d(-4).
-18
Let c(x) = -x**2 + 6*x + 17. Give c(8).
1
Let t(x) = 49*x + 1. Determine t(1).
50
Let n(s) = s**2 + 2*s - 10. Calculate n(3).
5
Let r(f) = 4*f**2 + 2*f + 12. Determine r(0).
12
Let h(s) = 8*s + 73. What is h(-9)?
1
Let x(n) = 39*n - 186. Calculate x(5).
9
Let r(f) = -f**2 - 11*f + 59. Give r(-14).
17
Let y(j) = 8*j**2 + 2*j - 5. What is y(-2)?
23
Let d(y) = -y - 9. Determine d(-18).
9
Let a(b) = 2*b**3 - 13*b**2 - 12*b + 13. What is a(7)?
-22
Let q(s) = s**3 + 5*s**2 + 5*s + 8. What is q(-6)?
-58
Let k(a) = -a**3 + 13*a**2 - 11*a - 9. Calculate k(12).
3
Let i(d) = -2*d + 2. Calculate i(-2).
6
Let o(f) = 116*f - 815. Give o(7).
-3
Let q(z) = -z**3 - 7*z**2 - 10*z - 31. Give q(-6).
-7
Let o(s) = 2*s**3 - 6*s**2 - 8*s + 6. What is o(5)?
66
Let k(y) = 2*y - 14. Calculate k(12).
10
Let m(g) = -2*g**3 - g**2 + 18. What is m(0)?
18
Let k(g) = g + 1. Calculate k(2).
3
Let f(z) = z**3 - z**2 + z - 6. Determine f(0).
-6
Let u(f) = -f**3 + 10*f**2 - 5*f + 1. Determine u(9).
37
Let i(k) = -16*k + 193. Give i(12).
1
Let o(d) = 2*d**3 - 53*d**2 + 24*d + 55. Calculate o(26).
3
Let j(s) = -s**2 - 10*s - 4. Calculate j(-10).
-4
Let q(n) = 7*n**2 - 2*n - 1. Calculate q(0).
-1
Let u(s) = -63*s + 1947. Calculate u(31).
-6
Let k(r) = r**2 + r + 5. Determine k(6).
47
Let f(d) = 3*d + 7. Give f(4).
19
Let d(n) = n**3 - 2*n**2 + 2*n - 2. Determine d(3).
13
Let n(d) = -9*d**2 + 45*d - 4. Give n(5).
-4
Let w(d) = -d**3 - 6*d**2 - 3*d - 1. Give w(-2).
-11
Let r(t) = t**3 - 9*t**2 + 19*t + 3. Give r(8).
91
Let s(i) = -32*i**2 + 1. Determine s(-1).
-31
Let m(p) = 5*p**2 + 13*p - 3. Calculate m(-3).
3
Let t(o) = o**3 + 6*o**2 + 24*o + 11. Give t(-6).
-133
Let w(k) = k**3 - 9*k**2 - 9*k - 8. Give w(10).
2
Let b(s) = 22*s - 1. Give b(-1).
-23
Let t(r) = 3*r**2 + 31*r - 45. Calculate t(-12).
15
Let l(b) = b**2 - 13*b + 15. Give l(10).
-15
Let d(x) = x + 16. What is d(-7)?
9
Let a(h) = h**2 - 25*h + 45. What is a(21)?
-39
Let g(f) = -f**3 - f - 20. Calculate g(0).
-20
Let r(j) = j**2 - 8*j - 4. Give r(6).
-16
Let l(p) = 6*p + 8. Give l(-4).
-16
Let z(y) = -3*y + 1. What is z(2)?
-5
Let q(v) = -v**3 - 7*v**2 + 14*v + 1. Calculate q(2).
-7
Let z(g) = g**2 + 3*g - 6. Calculate z(2).
4
Let a(f) = -f**3 + f**2 + 4. What is a(0)?
4
Let f(i) = -i**3 + 36*i**2 + 38*i - 36. Calculate f(37).
1
Let t(k) = -k**3 + 3*k**2 + 2*k + 12. What is t(4)?
4
Let r(c) = -c**3 - 12*c**2 + 17*c + 36. Give r(-13).
-16
Let u(q) = -3*q**3 - 37*q**2 + 27*q + 9. What is u(-13)?
-4
Let r(j) = -j**3 - 8*j**2 + 2. What is r(-8)?
2
Let k(z) = 2*z**2 + 27*z + 77. What is k(-10)?
7
Let l(q) = -10*q + 43. Give l(3).
13
Let t(j) = j**2 - 13*j + 30. Calculate t(9).
-6
Let q(o) = -48*o - 91. What is q(-2)?
5
Let j(r) = -r**2 - 62*r - 128. What is j(-2)?
-8
Let s(l) = -l**2 + 2*l + 21. Give s(-7).
-42
Let l(w) = w**3 - 13*w**2 + 14*w - 17. Give l(12).
7
Let w(y) = -y**3 + 32*y**2 - 4*y + 132. Determine w(32).
4
Let p(o) = -o**3 + 5*o**2 + 7*o + 3. What is p(4)?
47
Let n(i) = 6*i**3 + 2*i**2 - 1. Give n(-1).
-5
Let w(i) = -6*i - 26. What is w(-7)?
16
Let z(b) = -7*b - 41. Calculate z(-9).
22
Let n(u) = u**3 + 6*u**2 - 3*u - 14. Determine n(-6).
4
Let h(c) = c + 23. Determine h(-25).
-2
Let g(c) = -c**2 + 12*c - 37. Give g(7).
-2
Let a(n) = n**2 - 6*n - 10. Determine a(8).
6
Let b(s) = 3*s**2 - 11*s - 33. Determine b(-3).
27
Let o(m) = -3*m - 13. Give o(-6).
5
Let b(t) = t**3 - 6*t**2 - 10*t + 5. Determine b(7).
-16
Let b(j) = 7*j + 14. Give b(-3).
-7
Let x(b) = -b**2 + 6*b - 10. Determine x(6).
-10
Let o(f) = -2*f + 2. Calculate o(0).
2
Let q(v) = -v**3 - 3*v**2 + 1. Calculate q(-2).
-3
Let a(l) = -26*l**2. What is a(-2)?
-104
Let t(u) = -2*u + 40. Determine t(14).
12
Let i(r) = -r**3 - r**2 - 2*r + 65. Determine i(0).
65
Let q(w) = -6*w + 71. What is q(11)?
5
Let s(c) = -c**2 + 10*c - 15. Give s(11).
-26
Let j(k) = -k**3 - 12*k**2 + 51*k + 89. What is j(-15)?
-1
Let r(c) = -7*c + 1. Give r(-1).
8
Let t(r) = -3*r**2 - 28*r + 57. Calculate t(-11).
2
Let w(y) = 24*y**2 + y - 2. Calculate w(-2).
92
Let t(w) = w**3 